9?
3b
In base 3, what is -2 + 21222?
21220
In base 14, what is 1584 - -4?
1588
In base 16, what is 3 - a6?
-a3
In base 13, what is 2 + -30?
-2b
In base 13, what is 10 - 8b?
-7b
In base 7, what is 5 - 445?
-440
In base 5, what is -3141 - -3?
-3133
In base 7, what is 40 - 0?
40
In base 11, what is 16a - 1?
169
In base 4, what is -20 - 20311?
-20331
In base 9, what is -15 - -6?
-8
In base 4, what is 11 - 302?
-231
In base 12, what is 3 - -38?
3b
In base 7, what is 56 - -3?
62
In base 10, what is 32654 - 1?
32653
In base 6, what is 3 - 113?
-110
In base 9, what is -26451 - 3?
-26454
In base 11, what is -139 - -2?
-137
In base 3, what is -202 + -2022?
-10001
In base 3, what is -10 - -100120?
100110
In base 12, what is -5232 - 2?
-5234
In base 3, what is -2000 + 1210?
-20
In base 16, what is 1ee8 + -1?
1ee7
In base 16, what is -a - -12?
8
In base 3, what is 11 + 10010100?
10010111
In base 15, what is -2b + -81?
-ac
In base 10, what is 2 - 1721?
-1719
In base 5, what is 32 + 220?
302
In base 11, what is -3 - 136?
-139
In base 4, what is 11 - 2332?
-2321
In base 15, what is -b7 + -a5?
-16c
In base 7, what is -33 + -1?
-34
In base 7, what is 45 + -52?
-4
In base 2, what is -100001111100 + -11?
-100001111111
In base 4, what is 11 - 200?
-123
In base 11, what is -2 - 57?
-59
In base 14, what is -2 - -5d?
5b
In base 4, what is -13 - 130?
-203
In base 14, what is -12 + 22?
10
In base 10, what is -9431 + 1?
-9430
In base 15, what is -437 - -2?
-435
In base 6, what is -30 - -100?
30
In base 11, what is 25 - -4?
29
In base 4, what is 0 + -11323?
-11323
In base 4, what is -121113 + 0?
-121113
In base 5, what is -101 + 24?
-22
In base 7, what is 5 - -215?
223
In base 15, what is -1 - 46?
-47
In base 12, what is a + -26?
-18
In base 4, what is -122 + 1213?
1031
In base 3, what is -212100 - -1?
-212022
In base 16, what is -3d - -6?
-37
In base 3, what is -11100 + 21?
-11002
In base 3, what is -12011 + -10?
-12021
In base 4, what is -11 - 202?
-213
In base 9, what is -2 + -25?
-27
In base 9, what is 8 + -45?
-36
In base 15, what is 0 - -5?
5
In base 10, what is 1090 - 4?
1086
In base 9, what is 222 + -1?
221
In base 4, what is -11 + -1003?
-1020
In base 9, what is -4 + 315?
311
In base 11, what is -340 - -14?
-327
In base 10, what is 13 + -764?
-751
In base 16, what is 0 - c?
-c
In base 8, what is -2300 - 11?
-2311
In base 9, what is -40 + 0?
-40
In base 7, what is -3 + 505?
502
In base 9, what is -2155 - -1?
-2154
In base 14, what is 3 + -71?
-6c
In base 3, what is -2011021 + 0?
-2011021
In base 4, what is -12323 + -3?
-12332
In base 2, what is -10110111111100 - 101?
-10111000000001
In base 12, what is -49a - -5?
-495
In base 8, what is -4 + 2174?
2170
In base 12, what is -21 - 809?
-82a
In base 8, what is 2 - 3?
-1
In base 8, what is 1 + 2765?
2766
In base 8, what is 5443 - 1?
5442
In base 3, what is 12 + -12120222?
-12120210
In base 8, what is 6303 + -1?
6302
In base 2, what is 1111001001 + 1000?
1111010001
In base 7, what is 0 + 201?
201
In base 3, what is 10101222 + 2?
10102001
In base 16, what is -1ed + -4?
-1f1
In base 11, what is -20513 + -3?
-20516
In base 7, what is -1 + -223?
-224
In base 7, what is -3050 + 5?
-3042
In base 14, what is 436 + 3?
439
In base 12, what is 16b - -1?
170
In base 14, what is 36 - 22?
14
In base 15, what is -3 - -98?
95
In base 16, what is 0 - 21?
-21
In base 3, what is 2021 + 12?
2110
In base 12, what is -10 + 5?
-7
In base 13, what is 1b2 + 4?
1b6
In base 5, what is 10 + 201?
211
In base 3, what is -11 + 11002212?
11002201
In base 9, what is 45 + 88?
144
In base 13, what is -4 + -47?
-4b
In base 8, what is 51 - -1?
52
In base 5, what is 0 + -112244?
-112244
In base 10, what is -3 - 12?
-15
In base 13, what is -18c + 7?
-185
In base 2, what is 1100010 + -10110010?
-1010000
In base 11, what is -239 - 1?
-23a
In base 9, what is 73 - 5?
67
In base 6, what is 11303 - 1?
11302
In base 15, what is -ab + -13?
-be
In base 12, what is 2 + -1a12?
-1a10
In base 5, what is -13 - -22?
4
In base 7, what is -15 + 34?
16
In base 4, what is -10000 - -10?
-3330
In base 12, what is 904 - -1?
905
In base 7, what is -11 + 20?
6
In base 13, what is -47 - -c?
-38
In base 12, what is -7b - -86?
7
In base 14, what is 306c + 0?
306c
In base 5, what is 0 - -20144?
20144
In base 13, what is -106 - -9?
-ca
In base 7, what is 1 - 234?
-233
In base 11, what is -2 - -127?
125
In base 12, what is -562 + 0?
-562
In base 10, what is 283 + 5?
288
In base 2, what is -100 - 1001011011?
-1001011111
In base 8, what is 311 - 6?
303
In base 10, what is -2 + -315?
-317
In base 15, what is -426 + -3?
-429
In base 3, what is 2222 - 102?
2120
In base 6, what is 4 - 21303?
-21255
In base 3, what is 0 + 222020?
222020
In base 13, what is 25 - -21?
46
In base 3, what is -11010022 + 12?
-11010010
In base 14, what is -781 - -7?
-778
In base 3, what is -121110222 - 0?
-121110222
In base 7, what is -15243 - -5?
-15235
In base 8, what is 72 + 1?
73
In base 9, what is -2864 + 1?
-2863
In base 2, what is -101 + 10101?
10000
In base 8, what is -315 + 34?
-261
In base 10, what is 2778 + -2?
2776
In base 3, what is 1202 + -21020?
-12111
In base 15, what is -a + 58?
4d
In base 4, what is 20321 + -11?
20310
In base 12, what is 0 + 5a?
5a
In base 2, what is -11010111010100 + -11?
-11010111010111
In base 9, what is 41 - -11?
52
In base 15, what is -1 + aa6?
aa5
In base 5, what is -3 + -402?
-410
In base 15, what is 2 - ad?
-ab
In base 15, what is -150 - 4?
-154
In base 15, what is 2 - 1ae?
-1ac
In base 3, what is -1 + 10220?
10212
In base 2, what is -11001000100 + 101?
-11000111111
In base 2, what is -11011 - 111000?
-1010011
In base 14, what is 2 - -65?
67
In base 15, what is -5 - -187?
182
In base 5, what is -3023 - -124?
-2344
In base 13, what is -3 - -22b?
228
In base 14, what is -54b - 5?
-552
In base 9, what is -273 - 2?
-275
In base 11, what is 4 + 599?
5a2
In base 10, what is 1 - -53?
54
In base 8, what is -10 + -30?
-40
In base 2, what is -100 + -1100001?
-1100101
In base 14, what is 9c2 + -1?
9c1
In base 16, what is 0 + -615?
-615
In base 9, what is 14 + -10?
4
In base 3, what is 0 - -2111?
2111
In base 10, what is -4 + -118?
-122
In base 6, what is 121 + -3?
114
In base 6, what is -110 - 15?
-125
In base 6, what is -2100 + 1?
-2055
In base 16, what is -61 - 4?
-65
In base 14, what is 5 + -86?
-81
In base 12, what is -14 - 12a?
-142
In base 15, what is 287 + -2?
285
In base 3, what is -1 - 112?
-120
In base 11, what is 1 - -55?
56
In base 4, what is 21 - -2?
23
In base 15, what is -6 + -4e6?
-4ec
In base 15, what is -1 + -db2?
-db3
In base 8, what is 1 + -761?
-760
In base 2, what is -101 - 1110100010?
-1110100111
In base 9, what is -2 - -401?
388
In base 8, what is -200 - 2?
-202
In base 5, what is 0 - -131000?
131000
In base 10, what is -73 + 2?
-71
In base 13, what is -4 + -281?
-285
In base 3, what is 1000 + -110?
120
In base 5, what is 131 + 2021?
2202
In base 16, what is -1 - 2b?
-2c
In base 11, what is 161a + 0?
161a
In base 3, what is -100211 + -2?
-100220
In base 3, what is 11201 + -2?
11122
In base 8, what is 51 + 7?
60
In base 14, what is d + 31?
40
In base 11, what is -59aa - -1?
-59a9
In base 8, what is 0 - 2134?
-2134
In base 5, what is -10 - -1?
-4
In base 8, what is -4 - 1523?
-1527
In base 10, what is 6 + -150?
-144
In base 3, what is -210200021 - -10?
-210200011
In base 7, what is 11 + 6?
20
In base 15, what is 31 + -7?
29
In base 2, what is 1011000100 - 1?
1011000011
In base 5, what is 4030 - -13?
4043
In base 13, what is -16 - 2a?
-43
In base 3, what is -11 + 210?
122
In base 13, what is 51 + -22?
2c
In base 3, what is 121112 + -1?
121111
In base 8, what is 3 + 152?
155
In base 9, what is -31 + -10?
-41
In base 5, what is -1142 - 13?
-1210
In base 5, what is 3113302 + 3?
3113310
In base 15, what is 3c + -77?
-3a
In base 2, what is 10 + 11010?
11100
In base 8, what is 102 + 46?
150
In base 2, what is -110010 + 0?
-110010
In base 14, what is -79 + -3a?
-b5
In base 6, what is 555 - -10?
1005
In base 3, what is -10 + 1020?
1010
In base 13, what is -6 + -b1?
-b7
In base 4, what is 301 + 21?
322
In base 13, what is -354 + -7?
-35b
In base 12, what is -3 + -476?
-479
In base 9, what is 26 - 1?
25
In base 5, what is 4 + 120?
124
In base 8, what is 657 - -3?
662
